What is the remainder when m is divided by 4?
3
Let n = -9735 - -9741. What is the remainder when 7090 is divided by n?
4
Let x(i) = -i**3 - 24*i**2 - 45*i - 40. Calculate the remainder when x(-23) is divided by 18.
16
Suppose -10*f - 74*f + 241258 = -13*f. What is the remainder when f is divided by 103?
102
Suppose -36*s - 473*s + 9671 = 0. Calculate the remainder when 8416 is divided by s.
18
Let w be 4093/9 + 0 + (-54)/(-243). Let r = -438 + w. Suppose -2*z - 5*m + 69 = 0, 0*z + 2*z = 3*m + 77. What is the remainder when z is divided by r?
3
Let b(i) = -8*i**2 + 7*i - i**3 + i - i - 2 - 2. What is the remainder when (2 - 0) + -1 + 40 is divided by b(-9)?
13
Let l(w) = 9*w - 28. Let k be l(3). Let y be (-4 - -9)/(((-1)/(-3))/k). Let h = y - -67. Calculate the remainder when 153 is divided by h.
49
Let z(q) = 218*q**2 - 3*q + 37. Let r(c) = c**3 - 3*c**2 + 3*c + 1. What is the remainder when z(0) is divided by r(3)?
7
Suppose 5*j = 4 - 39. Let s be 4/(-14) - 653/j. Let p = -63 + s. Calculate the remainder when 147 is divided by p.
27
Suppose -r + 91*v = 94*v - 117, -3*v = -r + 111. What is the remainder when 306 is divided by r?
78
Let q(i) = 33*i**2 - 2*i - 3. Suppose -5*g = 2*d + 1, g - 4*g - 75 = -5*d. Calculate the remainder when q(-1) is divided by d.
8
Suppose 12*b = 33 - 9. Calculate the remainder when (1 - 4)*b/(-6) - -152 is divided by 14.
13
Let y(c) = 28*c**2 - 5*c + 29. Let o be y(9). Suppose -22*r + 300 = -o. Calculate the remainder when r is divided by 9.
8
What is the remainder when ((-46)/(-1))/(5/60) - 5 - 5 is divided by 11?
3
Suppose 3*c = d + d - 28, d = 4*c + 29. Suppose -3*y = -5*y + 48. What is the remainder when ((-190)/c)/(2/6) is divided by y?
23
Let r(u) = -u**3 + 15*u**2 - 14*u + 502. What is the remainder when 1761 is divided by r(16)?
1
Let s = 6127 - 6089. What is the remainder when 2/(-4)*(-1464)/6 is divided by s?
8
Suppose 0 = 132*c - 7*c - 1310875. What is the remainder when c is divided by 269?
265
Let i = -170 + 95. Let q = i - -78. Suppose 0 = -c - 2*w + q, 2*c = 5*w - 4 + 46. What is the remainder when c is divided by 3?
2
Suppose -y - 34 = -36. Suppose 5*w - 2*t + t = 383, 4*w - 298 = -y*t. What is the remainder when w is divided by 22?
10
Suppose x + 48 = -0*t + 3*t, 4*x - 12 = 0. Let z(a) = -a**2 + 16*a + 27. Let n be z(t). Suppose n*g = 7*g + 57. What is the remainder when 72 is divided by g?
15
Suppose -52*a = -86*a + 36278. What is the remainder when a is divided by 7?
3
Let g = 4927 - 4915. Calculate the remainder when 27 is divided by g.
3
Let d(s) = 7*s**3 + 19*s**2 - 14*s + 51. Let n(t) = t**3 - 1. Let p(z) = -d(z) + 6*n(z). What is the remainder when 564 is divided by p(-20)?
60
Let j be ((-4)/6)/(2/(-21)) - 2. Suppose -j*a + 4*z + 134 = -0*a, z = -5*a + 154. Calculate the remainder when (7/6)/(-7) - (-5315)/a is divided by 45.
42
Suppose 124 = -12*j + 964. What is the remainder when 57 is divided by 24 - (j/315 + 68/18)?
17
Let p(w) = w**3 - 2*w**2 + 8*w + 10. Let o be p(5). Suppose -25*z = -o - 175. Calculate the remainder when 70 is divided by z.
10
Let b(w) = -14*w**3 - w**2 + 1. Let u(z) = 15*z - 96. Let q be u(18). Let j = 212 - q. Calculate the remainder when j is divided by b(-1).
10
Let o be (16/5)/(4/10). What is the remainder when (15 - (o/(-4) - -2)) + 0 is divided by 10?
5
Let o = -4148 - -2270. What is the remainder when o/(-4)*82/123 is divided by 79?
76
Let m(l) = -3*l**3 + 4*l**2 - 3*l. Let p be m(2). Calculate the remainder when -5*3*45/(-25) is divided by 6/p + (-364)/(-49).
6
Suppose -2302*v = -2195*v - 275846. What is the remainder when v is divided by 129?
127
Suppose 4*p - 4*a + 2*a - 4094 = 0, 2*a + 5120 = 5*p. Suppose -9*w + p = -0*w. Suppose 26 = 2*m - w. What is the remainder when m is divided by 24?
22
Let l(r) = -r**3 - 19*r**2 - 90*r - 4. Let g be l(-11). Let o(u) = u**3 - 19*u**2 + 17*u + 71. Calculate the remainder when o(g) is divided by 28.
25
Suppose 5*g = -2*r + 514, 511 = 5*g - r + 4*r. Calculate the remainder when 739 is divided by g.
11
Let c = -10997 - -13155. What is the remainder when c is divided by 30?
28
Let p be (0 - 2) + 6 + 42. Suppose m = -2*u - 14 + p, 5*u - 3*m = 58. Calculate the remainder when 41 is divided by u.
13
Suppose 37*b + 66*b - 64 = 99*b. Calculate the remainder when (-5 + -1)*(-30)/4 is divided by b.
13
Calculate the remainder when 2074 is divided by (5*1)/(((-30)/(-518))/((-216)/(-252))).
2
Let j = -10433 - -10690. Calculate the remainder when j is divided by 44.
37
Suppose 55 = 31*s + 1 - 225. What is the remainder when 12473 is divided by s?
8
Let b = -540 + 561. What is the remainder when b*(-539)/(-189) - (-1)/9 is divided by 18?
6
Calculate the remainder when 163 + (4/(-2))/1*(-4)/8 is divided by 57.
50
Let n = 75 - 54. Let w(y) = y**2 + 12*y + 27. Let j(z) = -7*z - 6. Let o be j(1). Calculate the remainder when w(o) is divided by n.
19
Suppose 0 = -y + 3*o + 228, y + 0*o = 2*o + 229. Calculate the remainder when y is divided by -6*(-31)/((-310)/(-120)).
15
Let s(f) = -f**2 - 17*f - 15. Suppose -9*z + 7*z + 1280 = 0. Suppose -10*m = -18*m + z. What is the remainder when m is divided by s(-14)?
26
Let a(f) = -40*f - 1441. Calculate the remainder when 958 is divided by a(-48).
0
Let z be (-21)/14*-92 - 6. Let q = -44 + z. What is the remainder when q is divided by 20?
8
Let y(j) = 43*j + 3. Let g be y(3). What is the remainder when 95 is divided by (78/4)/(66/g)?
17
Let f(v) be the third derivative of -v**6/120 - 17*v**5/60 - 3*v**4/4 + 10*v**3/3 + 58*v**2. Calculate the remainder when f(-16) is divided by 28.
24
Suppose 5*r + 12*x = 11*x + 76, -3*r + 3*x + 78 = 0. Calculate the remainder when 1473 is divided by r.
11
Suppose -2760 + 9210 = 50*w. What is the remainder when w is divided by 50?
29
Suppose 1807 = -5*v - 4*v + 5407. Calculate the remainder when v is divided by 83.
68
Calculate the remainder when 5249 is divided by (17 + -18)/(-2 + (-12)/(-21))*10.
6
Let w(b) = 3*b**2 - 3*b - 15. What is the remainder when 558 is divided by w(4)?
12
Let x(b) = -28 - 16*b - 67 - 37. Calculate the remainder when x(-10) is divided by 14.
0
Let q(n) be the second derivative of -7*n**3/6 - 15*n**2 - 36*n - 2. Calculate the remainder when (-4 + -66 + -1)/(-1) is divided by q(-7).
14
Suppose -306*p = -73*p - 281464. What is the remainder when p is divided by 135?
128
Let k = -11 - -17. Suppose -238 = -2*n + 6*q, -4*n + 125 + 249 = 5*q. Calculate the remainder when n is divided by k.
5
Let g = -5 - -8. Calculate the remainder when 370/15 + 128/96 is divided by g.
2
Suppose -5*n + 656 = 3*s, -982*n + 985*n + 5*s - 384 = 0. Calculate the remainder when n is divided by 110.
23
Suppose -3*r - 5*u + 354 = 0, 2*u - 552 = 27*r - 32*r. Calculate the remainder when r is divided by (2/4)/(1/16).
4
Suppose 0 = 2*m - 2*x - 584, x + 773 = 5*m - 699. What is the remainder when m is divided by 47?
13
Let u(r) = 2*r + 40. Let c be u(-18). Suppose -3*b = 9, -h - 9 = -0*h + c*b. Calculate the remainder when 27 is divided by (-1 + 4/h)*(0 - -45).
12
Suppose 256 - 2989 = -74*f - 513. Let w = 2 - -152. Let y = w - 98. Calculate the remainder when y is divided by f.
26
Let p be (-10)/(-2)*(-200)/(-125). Suppose -w - 2 = p. What is the remainder when 13 is divided by (-12)/w*20/3?
5
Suppose -2508 = -3*n - n. Suppose -12*k + n = 7*k. What is the remainder when 392 is divided by k?
29
Let z(u) = -u**3 + 8*u**2 - 4*u + 6. Let f(w) = 26*w**3 - 3*w**2 + w + 1. Calculate the remainder when z(5) is divided by f(1).
11
Suppose 4*q - 31 = -5*x, -x - 3*x = q - 16. Suppose -x*t - a + 225 = 0, 5*t - 3*t + 3*a - 150 = 0. Calculate the remainder when 372 is divided by t.
72
What is the remainder when (9618/63 + -28)*(1 + (-14)/(-4)) is divided by 189?
183
Let c = 69 + 28. Let b = 138 - c. Calculate the remainder when b is divided by 9.
5
Calculate the remainder when 451 + -20 + -1 + 4 is divided by 4.
2
Let m(x) = 5*x**2 + 51*x - 5. Let r(h) = 6*h**2 + 14*h + 38. Calculate the remainder when r(-8) is divided by m(-11).
37
Let i(z) = -z**3 + 51*z**2 - 85*z - 335. Calculate the remainder when i(49) is divided by 152.
150
Let t(g) = g**3 - 84*g**2 + 94*g - 892. What is the remainder when ((-62)/(-3))/(2/6) is divided by t(83)?
20
Suppose 4*n - 2*g - 1 = 5*n, 25 = -3*n + 5*g